 2*m = -26616. What is the units digit of q?
4
Suppose -166*r + 93665 = 3*q - 161*r, 0 = -q + 3*r + 31231. What is the thousands digit of q?
1
Let v = -62 - -73. Suppose 4*b - v*b = 14. What is the tens digit of 3/b*976/(-24)?
6
Suppose -b = 2*k - 15485, 12 = 158*b - 162*b. What is the tens digit of k?
4
Let p = 1540 + 4932. What is the tens digit of p?
7
Let g be -4*(-3)/24*-2. Let w = 5 + g. Suppose -3*n - w*n = -1071. What is the hundreds digit of n?
1
What is the tens digit of 72/(-126) + (-490078)/(-14) - -7?
1
Suppose 2*f + 4*v - 320 = 0, -3*f - 4*v + 6*v + 520 = 0. Let z = 344 - f. What is the units digit of z?
4
Suppose -5*j + 2*d + 98141 = 0, -3*j + 41586 = 3*d - 17286. Suppose -46*q + 56657 - j = 0. What is the hundreds digit of q?
8
Let r(y) = 11*y**3 - 5*y**2 + 45*y - 187. What is the ten thousands digit of r(12)?
1
Let r(b) = 23*b - 13. Suppose -11*f + 8*f = -12. Let x be 45/18*f/5. What is the units digit of r(x)?
3
Suppose 2*h + 3*h = -3*r + 965, -680 = -2*r + 4*h. Suppose 0 = 5*c - 3*n - 409, 2*n + r = 4*c + n. What is the units digit of c?
3
Let p be 7 + 4/6*3. Let x(j) = 28*j + 12. Let d be x(p). Suppose d = 3*k + 3*y, -237 = -5*k - y + 207. What is the tens digit of k?
8
Let i = -2331 - -5176. What is the thousands digit of i?
2
Let r be 12/21 + (-9)/(-21). Suppose r + 5 = 3*f. Suppose -4*a + 71 = p, a - 204 = -3*p - f*a. What is the units digit of p?
7
Let q(d) = d**3 + 9*d**2 + 8*d + 8. Let c be q(-8). Let g(i) = 67*i - 248. What is the units digit of g(c)?
8
Let s(d) = -d**3 - 5*d**2 - 6*d - 6. Let o be s(-4). Suppose -36 + 38 = -o*t. What is the tens digit of (5 + t - 0) + 328/2?
6
Let y(h) = 347*h**3 - 2*h**2 + 2*h. Let r be y(1). Suppose 2*s = -3*i + r, -s = -2*i + 76 + 153. What is the tens digit of i?
1
Let i(w) = 10*w**2 - 30*w - 321. What is the units digit of i(-26)?
9
Suppose -2*d + 2*a = 11236 - 63074, -77701 = -3*d - 4*a. What is the ten thousands digit of d?
2
Let y(v) = -351*v + 1349. What is the units digit of y(-22)?
1
Let x(u) be the second derivative of 1/12*u**4 - 1/2*u**3 - 2*u + 7/2*u**2 + 0. What is the units digit of x(9)?
1
Let m = -43 + 36. Let y be (1 + -3)*m/14. What is the units digit of (6/y)/((-3)/(-279)*6)?
3
Suppose -61*k = -105*k + 64151 + 159545. What is the tens digit of k?
8
Let s be 378/35 + 1 - 3/(-15). What is the thousands digit of (-3 - (-321)/7)/(s/294)?
1
Let t(z) = 149*z**2 + 5*z - 874. What is the thousands digit of t(-22)?
1
Suppose -624 = -5*q + 586. Let y = 474 + q. What is the tens digit of y?
1
Let r = 30092 - 21376. What is the thousands digit of r?
8
Let l = 22584 - 14638. What is the thousands digit of l?
7
Suppose a - 1296 = -a - 4*j, 2*a - 1290 = -j. Let g = a + 583. What is the tens digit of g?
2
Suppose 183*o + 30646 = h + 180*o, -2*o = -2*h + 61284. What is the hundreds digit of h?
6
Let b(x) = -7*x + 26. Let s = -29 - -12. Let c be b(s). Suppose -r - c = -0*i - 3*i, r + 241 = 5*i. What is the tens digit of i?
4
Let j = -20235 + 70073. What is the tens digit of j?
3
Suppose -179371 = -3*f - o, 2*f - 2*o = 143459 - 23897. What is the tens digit of f?
8
Suppose 4*v - 102626 = -5*b, -3*v - 4*v + 2*b + 179574 = 0. What is the tens digit of v?
5
Suppose 0*y + 2*y - 462 = 0. Let p be 6/9*y/14. Suppose 2*g = 87 - p. What is the tens digit of g?
3
Let l(u) = 2*u**3 - 21 - 23 - 24*u + 19*u**2 + 10 + 11*u**2. What is the units digit of l(-15)?
6
Suppose l - w = 2459, -18*w - 4918 = -2*l - 23*w. What is the tens digit of l?
5
Suppose 0 = 3*x - l - 15, 0 = 3*x - 2*l + 7*l - 15. Suppose -5*g + 364 = -3*k, 346 = x*g + 3*k - 0*k. Suppose m = g - 18. What is the tens digit of m?
5
What is the units digit of ((10 - 3) + 17284/6)*3 - -7?
0
Suppose 0 = -80*f - 65*f + 1433695 + 3192385. What is the ten thousands digit of f?
3
Suppose -3*d = -4*d + 4. Suppose -d*a - u + 1 = 0, -u = 3*a - 0*a - 1. Suppose 0 = -y - 2*y - 4*p - 9, 3*y + p = a. What is the units digit of y?
1
Suppose 113 = -22*r + 465. Suppose -1383 = -r*u + 8953. What is the hundreds digit of u?
6
Let a(g) = 2*g**2 - 20*g - 12. Let i = -36 + 47. Let s be a(i). Let o = s - -44. What is the tens digit of o?
5
Suppose 5*r - i - 25 = 0, -2*i - 7 - 7 = -r. Let z = -2 + r. Let w(s) = 12*s**3 + 2*s**2 + 3*s - 3. What is the hundreds digit of w(z)?
1
Let q(f) = 2522*f**3 + 3*f**2 - 10*f + 11. Let t be q(2). Suppose 0 = 46*p - 29*p - t. What is the thousands digit of p?
1
Let y = -428 - -451. Suppose y*p + 3245 = 34*p. What is the units digit of p?
5
Suppose 5*r - 3*g = 27192, 5*r + 0*r = 2*g + 27188. What is the thousands digit of r?
5
What is the hundreds digit of (-12)/36*45*-562?
4
Let j = -807 - -821. Let m(x) be the second derivative of x**5/20 - 5*x**4/4 + 7*x**3/2 - 17*x**2/2 + 2*x. What is the units digit of m(j)?
1
Suppose -3*d + 5 = -2*d. Suppose -4*n + 0*y - 4*y = 4, -n - d*y = 17. What is the units digit of (3*(n - 4))/(-1)?
3
Let a(c) be the second derivative of 71*c**4/4 - c**3/6 - 2*c + 5. What is the hundreds digit of a(-1)?
2
Let r(w) = 168*w**2 + 6*w - 3. What is the hundreds digit of r(2)?
6
Let j(d) = 202*d**2 - 47*d - 148. What is the tens digit of j(-3)?
1
Let f = 10695 + -3658. What is the thousands digit of f?
7
Suppose -r - 194833 = -6*j, -32*j + 3*r - 162380 = -37*j. What is the thousands digit of j?
2
Suppose -2 = -h - 0*l - l, -h - 2*l = 1. Suppose 847 = h*a - 343. What is the units digit of a?
8
Let a = 921 - -1545. What is the hundreds digit of a?
4
What is the units digit of 347*30/2 + 1/((-3)/18)?
9
Let k(j) = 21*j**2 - 7*j. Let f be k(-2). Suppose -4*a - 3*n + 4*n = -407, a + n - f = 0. What is the units digit of a?
1
What is the hundreds digit of -46 - -59 - -5165*1?
1
What is the units digit of 34760/52 + 18/(-39)?
8
Let y = -246 + 252. What is the hundreds digit of (6498/(-24))/(y/(-16))?
7
Let c(h) = -h**3 + 67*h**2 + 46*h + 1370. What is the thousands digit of c(60)?
9
What is the units digit of (((-18)/4)/3)/(12*(-10)/546960)?
7
Suppose 0 = -3*b + j + 619 + 3753, 5812 = 4*b + 3*j. Suppose 3*w + b = 19*w. What is the tens digit of w?
9
Let s = -103 + 103. Let g(c) = -2*c**2 - c + 301. Let r be g(s). Suppose 5*z = -2*f + r, 3*f = -3*z + 4*f + 185. What is the units digit of z?
1
Let t be (-2 + 4 + -6)/(-7 - -5). Let i(o) = o + 2. Let s be i(t). What is the units digit of (8 - 4)/s*134?
4
Let l = -499 - -298. Let a = 537 + -890. Let x = l - a. What is the tens digit of x?
5
Let n(r) = 33*r**2 - 43*r + 631. What is the thousands digit of n(17)?
9
Let t = 25606 + -4975. What is the units digit of t?
1
Let j be 10/(-8) - (3 - 2/8). Let u(v) be the second derivative of v**4/4 + v**3 + v**2/2 - v. What is the tens digit of u(j)?
2
Let p be 4/10 - 44/110. Suppose -o + y - 2 = p, 2*o = 6*o - y - 7. What is the units digit of (1*-1)/(7/(-3717)*o)?
7
Let t(o) = -o**3 - 12*o**2 - 31*o + 19. Let v be t(-8). Suppose -v*g + 537 = 75. What is the units digit of g?
2
Suppose -40*t - 7*t - 8*t + 746515 = 0. What is the thousands digit of t?
3
Suppose 2*g = 28 - 38. Let d(n) = -3*n**2 - 8*n + 10. Let o(r) = r**2 + 4*r - 5. Let j(q) = g*o(q) - 3*d(q). What is the units digit of j(-5)?
5
Let n(m) be the first derivative of 17*m**2 - 9*m + 1. Let d(c) = -c**3 - 21*c**2 + 16*c - 131. Let t be d(-22). What is the tens digit of n(t)?
2
Suppose 414 = 4*s - 2*b, -2*b = -0 - 10. Suppose r - 4*g - 323 = 0, -r + g + 205 = -s. What is the hundreds digit of r?
3
Suppose -42586 + 15168 = -8*u + 17502. What is the units digit of u?
5
Let u = 71 - 62. Suppose -12880 = -u*b - 14*b. What is the units digit of b?
0
Suppose -151099 = 132*u - 1352959. What is the units digit of u?
5
Let j = -143 + 1097. Suppose 4*o - 8682 = -j. What is the units digit of o/22 - (-4)/22?
8
Suppose -94*d + 95*d + 179 = 0. Let p = d + 540. What is the units digit of p?
1
Let m(w) = -2*w + 1186. What is the tens digit of m(-75)?
3
Let w = -7588 + 12989. What is the units digit of w?
1
What is the units digit of 280/(-160)*(-6)/(-21)*(-51154)/1?
7
Let c = -84 - -32. Let t = -1560 + 1646. Let h = t + c. What is the tens digit of h?
3
Let g(j) = -390*j + 34 + 16 - 67. What is the tens digit of g(-2)?
6
Suppose 0 = -3*p + 5*b + 32279, 71*b - 72*b = -3*p + 32275. What is the ten thousands digit of p?
1
Let t = -160 - -93. Let k = -50 - t. Suppose -10*y 